{"id":248,"date":"2014-05-19T21:23:06","date_gmt":"2014-05-19T21:23:06","guid":{"rendered":"http:\/\/klaushaberstroh.de\/?page_id=248"},"modified":"2015-07-26T21:50:53","modified_gmt":"2015-07-26T21:50:53","slug":"vortraege-2","status":"publish","type":"page","link":"https:\/\/klaushaberstroh.de\/?page_id=248","title":{"rendered":"Vortr\u00e4ge"},"content":{"rendered":"<p>Nach meiner Expedition zum Muztagh Ata habe ich 2006 meinen ersten Multivisionsvortrag vor gr\u00f6\u00dferem Publikum gehalten. Es macht mir sehr viel Freude Menschen im Live Vortrag mit auf Reisen zu nehmen. Inzwischen habe ich eine Reihe von erfolgreichen Vortr\u00e4gen mit bis zu 300 Zuh\u00f6rern und sehr guter Presse in unserer Region gehalten. Ich bin gerne bereit auch bei Ihnen einen meiner Vortr\u00e4ge zu pr\u00e4sentieren.<\/p>\n<p>Technik:<br \/>\nGro\u00dfleinwand ( 4&#215;3 m )<br \/>\nFullHD Projektion<br \/>\nSound und Mikrophonanlage<\/p>\n<p>Software: \u00a0Fotomagico<\/p>\n","protected":false},"excerpt":{"rendered":"<p>Nach meiner Expedition zum Muztagh Ata habe ich 2006 meinen ersten Multivisionsvortrag vor gr\u00f6\u00dferem Publikum gehalten. Es macht mir sehr viel Freude Menschen im Live Vortrag mit auf Reisen zu nehmen. Inzwischen habe ich eine Reihe von erfolgreichen Vortr\u00e4gen mit bis zu 300 Zuh\u00f6rern und sehr guter Presse in unserer Region gehalten. Ich bin gerne &hellip; <a href=\"https:\/\/klaushaberstroh.de\/?page_id=248\" class=\"more-link\">Continue reading <span class=\"screen-reader-text\">Vortr\u00e4ge<\/span> <span class=\"meta-nav\">&rarr;<\/span><\/a><\/p>\n","protected":false},"author":1,"featured_media":0,"parent":0,"menu_order":0,"comment_status":"closed","ping_status":"closed","template":"","meta":{"footnotes":""},"class_list":["post-248","page","type-page","status-publish","hentry"],"_links":{"self":[{"href":"https:\/\/klaushaberstroh.de\/index.php?rest_route=\/wp\/v2\/pages\/248","targetHints":{"allow":["GET"]}}],"collection":[{"href":"https:\/\/klaushaberstroh.de\/index.php?rest_route=\/wp\/v2\/pages"}],"about":[{"href":"https:\/\/klaushaberstroh.de\/index.php?rest_route=\/wp\/v2\/types\/page"}],"author":[{"embeddable":true,"href":"https:\/\/klaushaberstroh.de\/index.php?rest_route=\/wp\/v2\/users\/1"}],"replies":[{"embeddable":true,"href":"https:\/\/klaushaberstroh.de\/index.php?rest_route=%2Fwp%2Fv2%2Fcomments&post=248"}],"version-history":[{"count":6,"href":"https:\/\/klaushaberstroh.de\/index.php?rest_route=\/wp\/v2\/pages\/248\/revisions"}],"predecessor-version":[{"id":830,"href":"https:\/\/klaushaberstroh.de\/index.php?rest_route=\/wp\/v2\/pages\/248\/revisions\/830"}],"wp:attachment":[{"href":"https:\/\/klaushaberstroh.de\/index.php?rest_route=%2Fwp%2Fv2%2Fmedia&parent=248"}],"curies":[{"name":"wp","href":"https:\/\/api.w.org\/{rel}","templated":true}]}}