{"id":137,"date":"2014-04-30T22:55:08","date_gmt":"2014-04-30T22:55:08","guid":{"rendered":"http:\/\/klaushaberstroh.de\/?page_id=137"},"modified":"2025-09-10T16:51:13","modified_gmt":"2025-09-10T16:51:13","slug":"home","status":"publish","type":"page","link":"https:\/\/klaushaberstroh.de\/","title":{"rendered":"Home"},"content":{"rendered":"\n<p>Outdoor- und Reise-Fotografie<\/p>\n\n\n\n<p>Drau\u00dfen sein, sich&nbsp;bewegen, die Natur genie\u00dfen, Neues endecken, intensiv schauen.<br>Mit sch\u00f6nen Photos das Erlebte gestalten, bewahren und mit anderen teilen.<\/p>\n\n\n\n<figure class=\"wp-block-image size-large\"><img loading=\"lazy\" decoding=\"async\" width=\"1080\" height=\"721\" src=\"http:\/\/klaushaberstroh.de\/wp-content\/uploads\/2018\/11\/KHA2589-1080x721.jpg\" alt=\"\" class=\"wp-image-1598\" srcset=\"https:\/\/klaushaberstroh.de\/wp-content\/uploads\/2018\/11\/KHA2589-1080x721.jpg 1080w, https:\/\/klaushaberstroh.de\/wp-content\/uploads\/2018\/11\/KHA2589-300x200.jpg 300w, https:\/\/klaushaberstroh.de\/wp-content\/uploads\/2018\/11\/KHA2589-768x512.jpg 768w, https:\/\/klaushaberstroh.de\/wp-content\/uploads\/2018\/11\/KHA2589.jpg 1199w\" sizes=\"auto, (max-width: 1080px) 100vw, 1080px\" \/><\/figure>\n","protected":false},"excerpt":{"rendered":"<p>Outdoor- und Reise-Fotografie Drau\u00dfen sein, sich&nbsp;bewegen, die Natur genie\u00dfen, Neues endecken, intensiv schauen.Mit sch\u00f6nen Photos das Erlebte gestalten, bewahren und mit anderen teilen.<\/p>\n","protected":false},"author":1,"featured_media":0,"parent":0,"menu_order":0,"comment_status":"closed","ping_status":"closed","template":"","meta":{"footnotes":""},"class_list":["post-137","page","type-page","status-publish","hentry"],"_links":{"self":[{"href":"https:\/\/klaushaberstroh.de\/index.php?rest_route=\/wp\/v2\/pages\/137","targetHints":{"allow":["GET"]}}],"collection":[{"href":"https:\/\/klaushaberstroh.de\/index.php?rest_route=\/wp\/v2\/pages"}],"about":[{"href":"https:\/\/klaushaberstroh.de\/index.php?rest_route=\/wp\/v2\/types\/page"}],"author":[{"embeddable":true,"href":"https:\/\/klaushaberstroh.de\/index.php?rest_route=\/wp\/v2\/users\/1"}],"replies":[{"embeddable":true,"href":"https:\/\/klaushaberstroh.de\/index.php?rest_route=%2Fwp%2Fv2%2Fcomments&post=137"}],"version-history":[{"count":38,"href":"https:\/\/klaushaberstroh.de\/index.php?rest_route=\/wp\/v2\/pages\/137\/revisions"}],"predecessor-version":[{"id":2156,"href":"https:\/\/klaushaberstroh.de\/index.php?rest_route=\/wp\/v2\/pages\/137\/revisions\/2156"}],"wp:attachment":[{"href":"https:\/\/klaushaberstroh.de\/index.php?rest_route=%2Fwp%2Fv2%2Fmedia&parent=137"}],"curies":[{"name":"wp","href":"https:\/\/api.w.org\/{rel}","templated":true}]}}